me factors of 1539406272.
2, 3, 8017741
List the prime factors of 155806501.
43, 1279, 2833
What are the prime factors of 400179871?
7, 13, 4397581
List the prime factors of 80581694.
2, 40290847
List the prime factors of 82626107.
1543, 53549
List the prime factors of 307543771.
307543771
What are the prime factors of 31948013?
31948013
List the prime factors of 74696187.
3, 89, 279761
List the prime factors of 1687372497.
3, 709, 264437
List the prime factors of 60243924.
2, 3, 13, 41, 9419
What are the prime factors of 353855258?
2, 7517, 23537
What are the prime factors of 613016962?
2, 37, 59, 140407
List the prime factors of 4369145162.
2, 29, 6221, 12109
What are the prime factors of 392165425?
5, 15686617
List the prime factors of 61671128.
2, 7708891
List the prime factors of 849164400.
2, 3, 5, 7, 31, 1087
What are the prime factors of 1989008746?
2, 994504373
What are the prime factors of 95181823?
11, 491, 17623
What are the prime factors of 79107189?
3, 7, 23, 7121
What are the prime factors of 430152654?
2, 3, 181, 431, 919
List the prime factors of 1262308603.
613, 2059231
List the prime factors of 32380264.
2, 7, 61, 9479
List the prime factors of 48236882.
2, 24118441
List the prime factors of 60679885.
5, 7, 17, 857
List the prime factors of 4977858267.
3, 7829, 23549
What are the prime factors of 148888328?
2, 557, 33413
List the prime factors of 1798408643.
37, 257, 189127
What are the prime factors of 712358979?
3, 59, 97, 41491
What are the prime factors of 1923629648?
2, 103, 1167251
What are the prime factors of 110316892?
2, 7, 929, 4241
List the prime factors of 187814311.
191, 307, 3203
What are the prime factors of 288265593?
3, 7, 11, 43, 29021
What are the prime factors of 469121408?
2, 7, 523573
List the prime factors of 560895228.
2, 3, 15580423
What are the prime factors of 399255618?
2, 3, 66542603
List the prime factors of 140605714.
2, 53, 233, 5693
What are the prime factors of 1639236069?
3, 163, 173, 2153
What are the prime factors of 57872884?
2, 37, 127, 3079
List the prime factors of 183218516.
2, 13, 83, 42451
List the prime factors of 67549599.
3, 13, 223, 863
List the prime factors of 281450230.
2, 5, 19, 113, 13109
List the prime factors of 38163996.
2, 3, 13, 81547
List the prime factors of 695455356.
2, 3, 997, 58129
What are the prime factors of 76285084?
2, 19071271
What are the prime factors of 925268361?
3, 37, 41, 203311
List the prime factors of 82557737.
199, 577, 719
What are the prime factors of 99925031?
17, 163, 36061
List the prime factors of 333702064.
2, 131, 159209
List the prime factors of 22776909.
3, 31, 53, 4621
What are the prime factors of 76322405?
5, 1327, 11503
What are the prime factors of 467214390?
2, 3, 5, 5191271
What are the prime factors of 6406563?
3, 2135521
What are the prime factors of 88785378?
2, 3, 11, 61, 7351
List the prime factors of 41818395.
3, 5, 109, 25577
What are the prime factors of 5985153002?
2, 2992576501
List the prime factors of 116702773.
11, 17, 37, 101, 167
List the prime factors of 297477561.
3, 23, 83, 127, 409
What are the prime factors of 18568458?
2, 3, 887, 1163
What are the prime factors of 123272128?
2, 7, 275161
List the prime factors of 533810355.
3, 5, 13, 2737489
What are the prime factors of 152523285?
3, 5, 97, 104827
List the prime factors of 5135311341.
3, 570590149
What are the prime factors of 1414075873?
7, 29, 6965891
What are the prime factors of 46037929?
7, 6576847
What are the prime factors of 257879755?
5, 7, 83, 88771
List the prime factors of 275614416.
2, 3, 7, 11, 53, 67
List the prime factors of 24805794.
2, 3, 13, 318023
What are the prime factors of 205196519?
11, 1695839
What are the prime factors of 196408384?
2, 1063, 2887
What are the prime factors of 5899658114?
2, 7, 251, 239843
List the prime factors of 109209901.
109209901
List the prime factors of 1560764497.
1560764497
What are the prime factors of 60705991?
1447, 41953
List the prime factors of 265904161.
29, 9169109
List the prime factors of 511230118.
2, 7, 127, 271, 1061
List the prime factors of 1865222132.
2, 61, 7644353
What are the prime factors of 1818033768?
2, 3, 647, 13009
What are the prime factors of 314286894?
2, 3, 41, 109, 3907
List the prime factors of 3362778435.
3, 5, 8761, 25589
List the prime factors of 105841813.
7, 11, 17, 11551
What are the prime factors of 199323560?
2, 5, 439, 11351
What are the prime factors of 2095621317?
3, 232846813
List the prime factors of 489083824.
2, 1429, 21391
What are the prime factors of 146489183?
19, 7709957
What are the prime factors of 1584673040?
2, 5, 491, 40343
What are the prime factors of 35271941?
227, 155383
List the prime factors of 111111747.
3, 383, 96703
What are the prime factors of 233632167?
3, 631, 123419
List the prime factors of 608743512.
2, 3, 13, 127, 569
List the prime factors of 24481716.
2, 3, 7, 37, 7877
What are the prime factors of 134138086?
2, 67069043
What are the prime factors of 441093492?
2, 3, 7, 17, 4903
What are the prime factors of 508117130?
2, 5, 50811713
What are the prime factors of 190981727?
47, 4063441
List the prime factors of 3287644251.
3, 131, 2309, 3623
What are the prime factors of 70466169?
3, 479, 49037
What are the prime factors of 260911488?
2, 3, 251, 2707
List the prime factors of 84006634.
2, 42003317
What are the prime factors of 31668628?
2, 631, 12547
What are the prime factors of 1453917781?
7757, 187433
List the prime factors of 7590660028.
2, 7, 271095001
What are the prime factors of 13061111?
7, 37, 211, 239
List the prime factors of 1244860.
2, 5, 67, 929
What are the prime factors of 66880860?
2, 3, 5, 1114681
What are the prime factors of 1004671746?
2, 3, 13, 17, 31, 8147
What are the prime factors of 221422578?
2, 3, 13, 37, 73, 1051
What are the prime factors of 4979184732?
2, 3, 2557, 54091
List the prime factors of 132520025.
5, 11, 47, 10253
What are the prime factors of 2027146856?
2, 7, 5171293
What are the prime factors of 73389744?
2, 3, 127, 4013
What are the prime factors of 1976169667?
37, 2269, 23539
List the prime factors of 1271203903.
1271203903
List the prime factors of 40388073.
3, 11, 17, 71993
What are the prime factors of 75865723?
6329, 11987
List the prime factors of 404291216.
2, 7, 3609743
List the prime factors of 554831025.
3, 5, 7, 31, 73, 467
List the prime factors of 17066467.
11, 1551497
List the prime factors of 126460865.
5, 19, 683, 1949
List the prime factors of 252172706.
2, 1021, 123493
What are the prime factors of 2061272700?
2, 3, 5, 139, 16477
List the prime factors of 132186067.
13, 17, 598127
What are the prime factors of 60927722?
2, 41, 349, 2129
List the prime factors of 86406693.
3, 113, 254887
List the prime factors of 753465217.
107, 7041731
List the prime factors of 1992119060.
2, 5, 99605953
What are the prime factors of 243127034?
2, 121563517
List the prime factors of 1626410213.
17, 5627717
List the prime factors of 5262487155.
3, 5, 137, 911, 937
List the prime factors of 457896348.
2, 3, 7, 13, 46591
List the prime factors of 226977339.
3, 75659113
List the prime factors of 842233512.
2, 3, 251, 139813
List the prime factors of 374267093.
449, 833557
List the prime factors of 308218323.
3, 7, 19, 772477
What are the prime factors of 124150728?
2, 3, 13, 17, 89, 263
What are the prime factors of 986870650?
2, 5, 19737413
List the prime factors of 130027351.
257, 383, 1321
What are the prime factors of 25617394?
2, 11, 37, 2861
What are the prime factors of 30749800?
2, 5, 153749
What are the prime factors of 79392740?
2, 5, 7, 81013
What are the prime factors of 2089474801?
2089474801
What are the prime factors of 2083959509?
347, 6005647
What are the prime factors of 57712591?
57712591
List the prime factors of 9080961227.
13, 47, 14862457
What are the prime factors of 2860890604?
2, 11, 13, 23, 53, 373
List the prime factors of 207109699.
207109699
What are the prime factors of 22371879?
3, 439, 16987
List the prime factors of 52250698.
2, 26125349
List the prime factors of 1053071673.
3, 97, 3618803
What are the prime factors of 115954148?
2, 1201, 24137
What are the prime factors of 5524844?
2, 13, 181, 587
What are the prime factors of 38496205?
5, 11, 699931
